se -215*n + 211*n = 0, 0 = 2*u + 3*n - 15082. List the prime factors of u.
7541
Let y = 236 - 232. Suppose -214 = -3*w - 4*m, -272 = -y*w - 0*w - 2*m. List the prime factors of w.
2, 3, 11
Suppose 27*g - 180 = 32*g. Let r be -2 - (3 - (-2 + 3)). What are the prime factors of r - 0 - -6 - g?
2, 19
Let m(x) = 2*x**3 + 21*x**2 - 13*x - 16. Let n be m(-11). Suppose -n*f + 4*f = -1704. List the prime factors of f.
2, 3, 71
Let b = 106 + 7482. List the prime factors of b.
2, 7, 271
Let l(t) = 27*t**2 - 101*t + 18. Let n be l(9). Suppose -3*s + n = -s - 2*c, -2*s + 3*c = -1291. What are the prime factors of s?
653
Let x(w) = -84*w + 2797. What are the prime factors of x(-65)?
23, 359
Suppose -5*t - k = -1121, 43*k - 38*k = 5. What are the prime factors of t?
2, 7
Suppose 5*s + 3*f - 85 = 0, 0 = 2*s - 4*f + 7 - 41. Let x(l) = 5*l + 69. List the prime factors of x(s).
2, 7, 11
Let a(l) be the first derivative of -3*l - 21/2*l**2 - 18. List the prime factors of a(-7).
2, 3
Let l = -46281 - -68206. What are the prime factors of l?
5, 877
What are the prime factors of 24 + -24 + 180/5?
2, 3
Let i(u) = 35*u**3 + 7*u**2 - 61*u + 1085. What are the prime factors of i(12)?
13, 67, 71
Suppose -2*v + b + 1215 = 0, 5*v = 3*b - 13 + 3052. Suppose 12*g - v = 9*g. Let p = g - 120. What are the prime factors of p?
2, 41
List the prime factors of (33/3 - 13) + 681.
7, 97
Suppose -l = -2*r + 236, 4*r + 0*r - 478 = 5*l. Suppose 0*x = 2*x - 5*g + 70, 2*g = -5*x - r. Let d = x + 31. List the prime factors of d.
2, 3
Let c(m) = 21*m**2 - m. Let x be c(-2). Let y = x - 52. Suppose -3*u = -b + 34, 0 = -b + u - 3*u + y. What are the prime factors of b?
2, 17
Let h(a) = a**2 - 14*a + 37. Let q be h(16). Let y be ((-30)/(-9))/(2/q). Suppose -11 - 92 = -2*r - 3*b, -2*r + y = -b. List the prime factors of r.
2, 7
Let q = -81 - -71. Let w(n) = 11*n**2 - 31*n - 208. List the prime factors of w(q).
2, 601
Let p(r) = -9*r**3 - 16*r**3 - 4*r**2 + 28*r**3 + 7. Let l be p(-3). Let i = 230 + l. List the prime factors of i.
2, 3, 5
Let q be -1 + (43 - (-4 + 2)). Suppose 0 = 3*z - 5*r - 34, -5*r - q = -2*z - 13. Suppose -x + 70 = z*n, -3*x - 4*n + 66 = -2*x. What are the prime factors of x?
2, 41
Let g(b) = -4*b + 61. Let d be (1 - -3) + -12 - (1 + 1). List the prime factors of g(d).
101
What are the prime factors of 7/56 - 52844/(-64)*(-40)/(-4)?
23, 359
Let t(a) = 1039*a**2 + 6*a - 7. Let f = 506 + -505. List the prime factors of t(f).
2, 3, 173
Suppose 3*f = -3*s + 145437, -4*f - 38*s + 30*s + 193920 = 0. What are the prime factors of f?
2, 24239
Let u(c) = -c**3 + c - 3. Let p be u(-2). What are the prime factors of 215 - 25/(p + -8)?
2, 5, 11
Let v be (-5603)/(-9) - (-180)/405. Suppose -v*k + 617*k + 9510 = 0. What are the prime factors of k?
5, 317
Let t be -4*1 + (11 - -6965) + -12. Suppose -48*x - t = -53*x. List the prime factors of x.
2, 3, 29
Suppose 5*o - 4*m = 27, 2*o - 3*m - 3 = -4*m. Suppose 3*v - 2*v + 4*f = 1448, -o*v + 2*f = -4274. What are the prime factors of v?
2, 3, 7, 17
What are the prime factors of 650/15*((-1458)/(-30) + -3)?
2, 13, 19
Let k be 1/((6/28)/3). Suppose 0 = 2*w - 6, -k*w - 170 = -n - 10*w. List the prime factors of n.
2, 7, 13
Suppose 0 = -473*p + 493*p - 938260. What are the prime factors of p?
43, 1091
Let m(d) = -2*d - 22. Let w be m(-20). Suppose -2*n - w + 28 = 0. List the prime factors of 4/(-14) + n/(175/1060).
2, 3, 5
Suppose 2*q = -3*y - 13793, 6369 = -3*y + 5*q - 7396. What are the prime factors of y/(-20) - -1 - (-3)/12?
3, 7, 11
Let x = -609 - -609. Let a = -2 + 4. Suppose -1 = -f, x = -a*z - 3*f - 1 + 12. List the prime factors of z.
2
Let h(k) = -764*k + 1357. What are the prime factors of h(-62)?
5, 1949
Let q(s) = s**3 + 26*s**2 - 102*s + 33. List the prime factors of q(-21).
2, 3, 5, 73
Let r = -1 + 6. Suppose -2*g - 372 = -i, 61*i - 4*g + 1096 = 64*i. Suppose -r*t + 62 = -i. What are the prime factors of t?
2, 43
Let z be (-1 + 43)*(402/(-42) + -5). List the prime factors of 6*5/15*1 - z.
2, 307
Let y(q) = -59*q - 60. Let x be y(5). Let p = x + 958. List the prime factors of p.
3, 67
What are the prime factors of ((-6)/4)/((-10)/(-18) + 107506/(-188748))?
107
Let g(r) be the first derivative of 1 - 3*r + 15/2*r**2 - 1/3*r**3. List the prime factors of g(14).
11
Let u(l) = 22*l**2 + 926*l + 12. What are the prime factors of u(-47)?
2, 3, 53
Let p = 181 + -324. Let h = -10 - p. List the prime factors of h.
7, 19
Suppose 2*b + 2*w = 5*b - 30833, -5*b + 51355 = 5*w. List the prime factors of b.
3, 5, 137
Let o be (0 - (-2 - -6)) + -44 + -2. List the prime factors of 1/((-3)/(-2))*(-15825)/o.
211
Let b(a) = -a**2 + 14*a + 71. Let m be b(18). Let f(c) = 589*c**2 + 4*c + 2. What are the prime factors of f(m)?
587
Suppose 0 = -4*r - 3*q + 52, -3*r - 2*q + 12 = -28. Suppose r*s - 394 = 14*s. What are the prime factors of s?
197
Suppose 40*y - 3506 = 39*y. What are the prime factors of y?
2, 1753
Let i be 74958/65 + (-3 - 14/(-5)). Suppose -i = -3*d + 5*c, 0*d = 2*d + c - 786. List the prime factors of d.
17, 23
Let c(h) = h**2 + h - 90. Let o be c(9). Suppose -2*t + o*g - 2*g = -28, -g = 0. List the prime factors of t.
2, 7
Let d be 6*(2/(-18))/(9/(-54)). Suppose d*p - 3*f + 21 = 8*p, -p + f = 0. What are the prime factors of (162/36)/(p/88)?
2, 3, 11
Let p = -7073 + 15071. What are the prime factors of p?
2, 3, 31, 43
Let o(g) = g**2 - 23*g + 60. Let p be o(20). Suppose -7*j + 5923 + 2057 = p. What are the prime factors of j?
2, 3, 5, 19
Let c(m) = -6*m**3 + 8*m**2 + 2*m - 12. Let i be c(-7). Suppose 15*z + i = 8709. List the prime factors of z.
419
Let n = -13 + -108. Suppose -3*b - 9 = 0, -5*s = -0*s + b - 1227. Let c = n + s. What are the prime factors of c?
5
List the prime factors of ((-3820)/6)/(2/(-21)) + 42/(-14).
2, 13, 257
Suppose 8*o - 170888 = -2*t, 5*o - 93494 = -5*t + 13296. What are the prime factors of o?
2, 11, 971
Let w = 161402 - 66038. What are the prime factors of w?
2, 3, 883
List the prime factors of (2924/(-258))/(3/(-1359)).
2, 17, 151
List the prime factors of ((-21)/((-252)/37888))/((-2)/(-6)).
2, 37
Let o = -70 + 103. Suppose o*f - 31*f = -20. Let y(j) = -11*j - 16. List the prime factors of y(f).
2, 47
Suppose -600 = -3*k - 132. Let t = k + -91. Let s = -14 + t. What are the prime factors of s?
3, 17
Suppose 0 = 4*p - 2*m - 112, 82 = 6*p - 3*p - m. Let c = p - 23. List the prime factors of 125/c*3 - 3.
2, 61
Let h = -460 + 461. What are the prime factors of -1 - h - 3 - -1346?
3, 149
Suppose 0 = 6*l - 9*l + 9. Suppose -2*z = -10, -2*j + 3*z = -l*j + 420. Suppose 3*p - 111 = j. List the prime factors of p.
2, 43
Let i be (-23 - -19 - 2*-4) + 5. Suppose 3*p - i = 0, 0 = -5*m - 5*p + 8874 - 2369. What are the prime factors of m?
2, 11, 59
Let l = -41333 - -58444. List the prime factors of l.
71, 241
Let o be -149*(-1 + -5 + 5). Let l = -86 + o. What are the prime factors of l?
3, 7
Suppose -2*p - 10 = -2*l, 4*p + 3 = 3*p. Suppose 0 = 40*f + 2*f + 252. List the prime factors of l/(9/f*1/(-30)).
2, 5
Suppose -40237 - 69057 = -12*x + 36974. What are the prime factors of x?
3, 17, 239
Let c(o) = -45769*o + 133. List the prime factors of c(-1).
2, 59, 389
Let c = -31 + 28. Let a be (-1 - (c + 1))/1. List the prime factors of (-248)/8*((a - 2) + -2).
3, 31
Let j(c) = 79*c + 3. Let k(x) = 76*x + 4. Let s(o) = -7*j(o) + 6*k(o). List the prime factors of s(-1).
2, 5
Suppose -3*g = 2*g + 3*r + 323, g + 2*r = -59. Let z be (-155)/(-9) + (-44)/198. Let h = z - g. List the prime factors of h.
2, 3, 7
Suppose 0 = -0*d - 2*d - 4*i - 12, -5*i - 25 = 0. Suppose 995 = d*f - 5*p, -16 = -4*f - 4*p + 988. Suppose -n = 4*n - f. List the prime factors of n.
2, 5
What are the prime factors of (3 - -209)*((-158899)/52)/(-17)?
53, 719
Let r(d) = -d**3 - 20*d**2 - 14*d + 23. Let k be r(-19). Let v = -33 - k. Let q = -18 + v. What are the prime factors of q?
3, 7
Suppose 524 = 10*b + 18964. Let x = -1191 - b. What are the prime factors of x?
653
What are the prime factors of 9/24*-6*32124/(-9)?
3, 2677
Let t(b) = b**2 - 16*b + 3. Let p be t(26). What are the prime factors of (p/3)/1 + 60/180?
2, 11
Let c = -304 - -1462. Let b = -804 + c. List the prime factors of b.
2, 3, 59
Let z be (-5 + 1)*-1 - (39 - 35). Suppose z = 4*t + 4*m - 2820,